e greatest common factor of t and 6.
6
Let b(o) = -3*o**2 - 2*o + 1. Let p be b(1). Let q be p/(-8) + 3/2. Suppose q*l - 38 = -4. Calculate the greatest common factor of 119 and l.
17
Let d(s) = s**2 + 4*s - 11. Let w be d(-8). Let i = -12 + w. What is the highest common factor of 18 and i?
9
Let v be -1 - 20/(2/(-1)). Suppose -2*s + 27 = 7. Suppose 1 = -f + s. What is the greatest common factor of f and v?
9
Let q(p) = 51*p - 6. Let v be q(1). What is the highest common divisor of 18 and v?
9
Let q(o) = -o**3 + 4*o**2 + 1. Let m(h) = 0*h**2 - 2 - h + h**2 + 0*h. Let a be m(3). Let i be q(a). What is the highest common divisor of i and 4?
1
Let t be ((-5)/(-2) - 2)*0. Suppose t*p + 52 = 4*p. Suppose 0 = 3*z - 5*w - 356, 5*w = -2 - 3. What is the highest common factor of z and p?
13
Suppose 0 = 5*p + w - 55, -p + 5*w = -3*p + 45. Calculate the greatest common factor of p and 90.
10
Suppose -2*q = r + r - 2, 5*r - 5 = -q. Suppose 5*c - 160 = -q*c. Let s = 6 + -2. Calculate the greatest common divisor of s and c.
4
Let c(z) = -z**3 - 3*z**2 + 3*z. Let s be c(-3). Let a = s - -19. Let d(h) = -31*h - 1. Let u be d(-1). What is the greatest common factor of a and u?
10
Let a be (-3)/6*1*-4. Let w(c) = c + a - c + c. Let u be w(4). What is the greatest common factor of u and 6?
6
Let j(k) = 8*k**2. Let p be j(1). Suppose 0 = -d + 3*d - p. Let g be (d + -1)*44/6. What is the highest common factor of g and 2?
2
Suppose 4*g - 8 = -0*g. Let h(u) = u**3 - 2*u**2 - 1. Let o be h(g). Let t be (9/2)/(o/(-10)). Calculate the greatest common factor of t and 5.
5
Let z(w) = 15*w**2 + 7*w - 2. Let g be z(-4). What is the highest common factor of g and 30?
30
Let k = -9 + 13. Calculate the highest common divisor of k and 4.
4
Let a(f) = f**2 - 1. Let d be a(-3). Calculate the greatest common divisor of 40 and d.
8
Let l = 17 + 46. Let a be 6 + (-2)/(6/(-3)). Calculate the greatest common factor of a and l.
7
Let q(f) = f**2 + 9*f + 4. Suppose -3*v - 14 = 6*d - 2*d, -5*v - 54 = -d. Let b be q(v). What is the highest common divisor of 70 and b?
14
Suppose -65 = -4*p - p. Suppose -p = -5*s + 237. What is the greatest common factor of 10 and s?
10
Let f be 10*(-4)/(-6)*(-36)/(-8). Calculate the highest common divisor of 12 and f.
6
Suppose 0 = -5*l + l + 60. Let z = -22 + 49. Let p be (z/(-6))/((-1)/10). Calculate the greatest common factor of p and l.
15
Let q be 3/(-3) - (-27 - 1). Let w = 55 + -37. What is the greatest common factor of w and q?
9
Let m be (3 + 15/(-2))*-2. Suppose 19 = -2*j + 6*j + u, m = 3*j - u. Suppose j*n - 26 = 2*n. What is the greatest common factor of n and 13?
13
Let q(f) = f**3 + f + 2. Let w be q(4). Suppose 5*v + 3*h - 84 = 0, 0 = 4*v - 0*v + h - w. What is the highest common factor of v and 6?
6
Suppose -61*u + 294 = -58*u. Calculate the highest common divisor of u and 14.
14
Suppose 3 + 10 = 3*y - b, 3*b + 3 = 0. Suppose -67 = -4*x - 4*u + 49, 0 = 3*x - 5*u - 111. Calculate the greatest common divisor of y and x.
4
Suppose -9 = -3*y - 0. Suppose -5*x + 8*x - 99 = 0. Calculate the greatest common factor of y and x.
3
Let d = 6 - 2. Let p(h) = 2*h. Let z be p(-1). Let q = 2 - z. What is the greatest common factor of q and d?
4
Let b(k) = -70*k. Let s be b(-1). Let y = 110 - s. What is the highest common divisor of 5 and y?
5
Let q(f) = f**2 + 21. Let p be q(0). Suppose z = -17 + 24. What is the highest common factor of p and z?
7
Let l(d) = -d**2 + d + 8. Let x be l(6). Let z = x + 43. Let y be (-60)/((-4)/1) - 1. What is the highest common divisor of z and y?
7
Let u be 30/(4 + (-5 - -3)). Calculate the highest common factor of 60 and u.
15
Suppose -2*w = 6, -2*w + 52 = -3*v + 166. What is the greatest common divisor of 216 and v?
36
Suppose -3*c - 52 = -7*c. Let t be 3 - (-4)/(4/c). Calculate the greatest common divisor of 4 and t.
4
Suppose 3*b - 76 = -4*c, -3*b - 3*c + 80 = 2*c. What is the greatest common divisor of b and 70?
10
Let i = 181 - 180. Let m be (-2)/7 + 65/7. What is the greatest common factor of m and i?
1
Suppose -3*z - 4*o + 24 = 0, 3*z - 39 = o - 0*o. Let j(x) = -14*x**2 + 4*x - 3. Let b be j(2). Let c = 33 - b. What is the greatest common factor of z and c?
12
Let j = 68 - 57. Calculate the highest common divisor of j and 143.
11
Suppose -2*z + 0*z = -4*m - 22, 5*z - 2*m = 95. What is the greatest common divisor of z and 21?
21
Suppose 5*b = -0*d - 5*d - 3575, 0 = -4*d - 4. Let k be b/(-9) - 4/(-6). What is the highest common divisor of 16 and k?
16
Suppose -i - 4*f = -115, -3*f - 2*f + 120 = i. Let h = -20 + i. Let b be h/27 - 2/(-9). Calculate the greatest common divisor of 15 and b.
3
Let u be (48/12)/((-4)/(-22)). Calculate the greatest common factor of 55 and u.
11
Let t = -240 + 415. What is the greatest common divisor of t and 25?
25
Suppose -5*n + 2*n = -27. Calculate the highest common factor of 1 and n.
1
Suppose -3*z = 2*z - 30. Let p(a) = 4*a - 7. Let v be p(z). What is the highest common divisor of 68 and v?
17
Suppose -8*x + 296 + 544 = 0. Let s(a) be the second derivative of a**3/2 - 3*a**2/2 - a. Let m be s(6). What is the greatest common factor of x and m?
15
Let f = 1 - -5. Suppose 2*p + f = 34. Let o be p/(-6)*(-1 - 2). What is the highest common divisor of 28 and o?
7
Let r(f) = 8 + 0 + 5*f**2 - 4 + 2*f - f**3. Suppose 0 = -2*j, 0 = 2*h - 3*j + 4 - 14. Let a be r(h). Calculate the greatest common divisor of 70 and a.
14
Suppose 0 = 4*k - 4*c - 12, -3*c - 15 = -7*k + 2*k. Suppose k*x - f = 124, -3*f - 19 = -7. What is the greatest common divisor of 10 and x?
10
Suppose 0 = 2*q - 3*q + 3. Suppose 4*t - q*k - 16 = -5*k, 3*k + 6 = -t. Calculate the highest common divisor of 30 and t.
6
Let q(o) = -o + 16. Let x be q(8). Let b(l) = 2*l**3 - 5*l**2 - 7*l - 2. Let r be b(5). Calculate the greatest common divisor of r and x.
8
Let g = 7 + 73. Suppose -g = -2*p - 2*p. Let r be (-9)/(-6)*p/3. What is the highest common factor of 110 and r?
10
Let k be (-8)/(-6) + 4/6. Suppose -4*g = -4*m - 36, 0 + 28 = 4*g - k*m. Let o = 78 - 43. What is the highest common factor of g and o?
5
Suppose -3*l + 21 = a - 5*a, 3*l = 2*a + 15. Let y be 2 + a/(-3*1). Let d(f) = 2*f**2 - 4*f. Let m be d(y). Calculate the greatest common factor of 54 and m.
6
Suppose -3*k - 9 = -27. Let j(l) = l**2 - 3*l - 6. Let q be j(k). Calculate the highest common factor of q and 84.
12
Suppose 2 = -21*u + 23*u. Calculate the greatest common divisor of 11 and u.
1
Suppose 0 = -3*x - 0 - 12. Let h = x - -9. Suppose 4*t + 2*v + 2 = 40, 41 = h*t - 4*v. What is the highest common factor of t and 9?
9
Suppose k + 0*l - 8 = 4*l, 0 = -4*l. Suppose -12 = -2*t - 4. Suppose -2*p = 2*g - 22, 9*g = t*g + p + 61. Calculate the highest common divisor of g and k.
4
Suppose -88 = -5*q + q. Suppose -c + q = -3*u, -3*u = 2*c - 2*u - 9. What is the greatest common divisor of c and 7?
7
Let y = 31 - 11. Suppose 4*i + y = 212. What is the highest common factor of 6 and i?
6
Let c be (-3)/(170/176 + -1). Suppose 1 = 3*t + 7. Let d = t + 13. What is the greatest common divisor of d and c?
11
Let r = -130 + 141. Let j be ((-2)/(-6))/(2/6). Calculate the greatest common factor of j and r.
1
Let m = -10 - -21. What is the highest common factor of 99 and m?
11
Suppose 0 = -11*o + 9*o + 40. Calculate the highest common divisor of o and 4.
4
Suppose 1280 = 5*c + 5*c. What is the highest common divisor of 16 and c?
16
Let w(d) = -5*d - 14. Let i be w(-11). Let h be (i - 1) + -3 - 1. What is the highest common factor of h and 12?
12
Let p(x) = 2*x**3 - 8*x**2 + 4*x + 2. Let g be p(4). Let y = 3 + 9. Calculate the highest common factor of y and g.
6
Suppose 4*l - 3*d = -d + 30, 3*l + 5*d = 55. Suppose -l - 8 = -3*x. Calculate the highest common factor of 36 and x.
6
Let q = -64 + 80. What is the greatest common divisor of 1 and q?
1
Let v(s) = s**3 - s**2 + 1. Let b(t) = -3*t**2 - t + 1. Let f(r) = b(r) - 3*v(r). Let j be f(-2). Calculate the highest common divisor of j and 8.
8
Suppose 3*f = v + 3*v - 16, 0 = -v + f + 5. Let m be 236/6 - v/3. Suppose -m = -g - 4*z, g - 2*z = -5*z + 43. What is the highest common divisor of 5 and g?
5
Let a be (-30)/12*((-63)/15 + 1). Calculate the highest common divisor of a and 88.
8
Let t(m) = -m**2 + m + 4. Let q be t(0). Calculate